).
-3
Let b(x) be the third derivative of -x**5/60 - x**4/24 - 29*x**3/6 - 23*x**2. Let d(p) be the first derivative of b(p). Give d(-3).
5
Let d = -168 - -162. Let y(u) = -u - 5. Calculate y(d).
1
Let y be 5 + (-6)/(-3) + 3. Let q be ((-4)/y)/(2/20). Let a(m) = 2*m**2 + m + 2. Let u(v) = -7*v**2 - 11. Let c(t) = -4*a(t) - u(t). Give c(q).
3
Let h(a) = a + 11. Let y be h(-8). Let k(n) be the third derivative of -n**5/30 + n**4/6 + n**3/6 - 14*n**2. Determine k(y).
-5
Let b = 1094 + -1090. Let w(i) be the first derivative of i**4/4 - 5*i**3/3 + 3*i**2 - 4*i - 6. What is w(b)?
4
Let w(n) = -2*n - 7. Let l be w(-4). Let u(r) be the third derivative of -r**5/30 + r**4/24 - 10*r**2 - 5. Determine u(l).
-1
Suppose -4*a - 14 = -5*g, g = -5*a - 1 - 2. Let n(f) = 2*f + f - 4*f - f**g. Let w be -1*(20/(-12) + (-4)/(-6)). Determine n(w).
-2
Let h(w) = 22*w - 9 - 8*w + 3*w**2 + w**3 + 14 + 8*w**2 + 18. What is h(-10)?
-17
Let d(k) = 3*k - 38. Let a be d(17). Let s(o) = -9 + a - 2*o**2 + 3*o + 3*o**3 - 9*o - 2*o**3. Calculate s(4).
12
Suppose -7*b = -8*b + 10. Let u(d) = -10 + 8 - d - b. Let l = 31 - 31. Determine u(l).
-12
Let a(x) = -x + 5. Let p be a(7). Let w be p/(-12) - 276/(-72). Let s be 2 - (-3 - (-3 + w)). Let v(g) = 2*g - 5. Determine v(s).
7
Let r(w) = -2*w**3 + 13*w**2 - 20*w + 76. Let z be r(6). Let d(g) = g - 11. Give d(z).
-19
Let g(t) be the first derivative of -t**3/3 - 13*t**2/2 - 19*t + 137. Give g(-11).
3
Let h = 6672 + -6682. Let q(y) = 4*y**2 - 33*y - 25. Let u(s) = -s**2 + 11*s + 8. Let t(a) = -2*q(a) - 7*u(a). Calculate t(h).
4
Let k(z) = z**2 + 7*z + 11. Let c be k(-6). Suppose 3*x - 32 = -4*i, c*x - 38 = -4*i + 10. Let y(l) = l**3 - 7*l**2 - 9*l + 5. Determine y(x).
-3
Let p be (-14)/(-10) + (-18)/45. Let r(a) be the third derivative of -a**5/4 + a**3/6 + 24*a**2 - a. Determine r(p).
-14
Let w(f) = f**2 + 3*f - 42. Suppose 106*v - 110*v + 20 = 0. What is w(v)?
-2
Let z be -6*((-64)/12 + 6) - -15. Let p(u) = -u**2 + 14*u - 10. What is p(z)?
23
Let t(w) = w**3 - 6*w**2 - 8*w + 7. Let s(m) = m**3 - 5*m**2 - 7*m + 8. Let n(b) = 2*s(b) - 3*t(b). Let y be (152/(-56) - 4/14) + 12. Determine n(y).
4
Let c(t) = -t + 1. Suppose -11*i = 2*i + 52. Let w(a) = a**3 + 3*a**2 - a + 8. Let m be w(i). What is c(m)?
5
Let b(t) be the third derivative of 0*t + 0 - 1/12*t**5 - 1/4*t**4 + 4/3*t**3 + 11*t**2 + 1/120*t**6. Determine b(6).
8
Let k(o) be the second derivative of o**3/6 - o**2/2 - o. Let f be k(2). Let q(t) be the first derivative of 5*t**2 - t - 1028. Give q(f).
9
Let p(i) = 3*i + 10. Let v(n) = n + 1. Let j(l) = p(l) - 2*v(l). Let b be j(-6). Let a(h) = -h**2 - b*h - 10 + 18 - 9. Calculate a(-3).
-4
Let h(k) be the third derivative of -k**5/60 - 2*k**3 - k**2 + 13*k. What is h(0)?
-12
Let v(o) = o - 1 + 2*o - 3*o + o. Suppose 0 = -5*i - 3*p - 29, 1 = -5*i + 3*p - 10. Determine v(i).
-5
Suppose 10*j = 12*j + 112. Let f = j + 51. Let q(v) be the second derivative of -v**5/20 - v**4/2 - v**3/2 - 2*v**2 - v. What is q(f)?
-14
Let j(a) be the third derivative of -a**7/1008 - a**6/180 - 8*a**5/15 - 30*a**2. Let u(l) be the third derivative of j(l). What is u(-4)?
16
Let l(v) = -20 + 7 - 17 - 4*v + 3 - 8. What is l(-9)?
1
Let h(m) be the second derivative of m**8/6720 + m**7/420 + m**6/90 + 7*m**5/120 + 31*m**4/12 - 27*m. Let j(y) be the third derivative of h(y). What is j(-5)?
-8
Let u(x) be the second derivative of x**6/10 - x**5/30 + x**3/6 - 19*x**2 - 38*x. Let m(l) be the first derivative of u(l). Determine m(-1).
-13
Let h(n) = 10*n + 97. Let d be h(-10). Let i(y) = 2*y**3 + 4*y**2 - y + 1. Give i(d).
-14
Let t(q) = q**3 - 5*q**2 + 5. Let c be t(5). Let p be (-16 - -2)/(-3 + c). Let h(u) = u**2 + 6*u - 4. Give h(p).
3
Let i = -1/7 - -9/14. Let o(z) be the third derivative of 1/4*z**4 - 5*z**2 + i*z**3 + 1/60*z**5 + 0*z + 0. Give o(-4).
-5
Suppose -55 - 29 = 14*z. Let f(p) be the first derivative of p**4/4 + 2*p**3 + p**2/2 - 2*p - 2. Calculate f(z).
-8
Suppose 13 - 38 = -5*m. Let l(p) = -4*p**2 - 3 - 5*p + 3*p**2 + m + 2*p**2. Determine l(6).
8
Suppose -21 + 29 = 4*n. Let k(h) be the first derivative of -1/3*h**3 + n - 2*h**2 - 2*h. What is k(-5)?
-7
Let i(p) = -p + 5. Let y be i(5). Suppose -4*u - 4 - 12 = y. Let m(r) = -r**2 - 4*r - 5. Let f(s) = -s**2 - 3*s - 4. Let b(o) = u*m(o) + 5*f(o). Determine b(0).
0
Let u(f) = f - 13. Suppose 38*d - 277 - 217 = 0. What is u(d)?
0
Let l(x) = x**3 + 11*x**2 - x - 16. Suppose 10*w + 110 = -0*w. Calculate l(w).
-5
Let l = 18 - 23. Let w(d) be the first derivative of -2*d**2 - 7*d + 10. Give w(l).
13
Suppose -2617*j - 90 = -2622*j. Let q(p) = p**2 - 17*p - 14. Calculate q(j).
4
Let h(u) be the third derivative of u**6/120 - 7*u**5/60 + 5*u**4/24 + 5*u**3/6 + u**2. Let m = 10 - 40. Let p be m/4*12/(-15). Determine h(p).
-1
Let m(n) be the third derivative of -n**4/24 - 2*n**3/3 + 53*n**2 + 2*n. What is m(-4)?
0
Let p(j) = 3*j**2 - 129*j**3 + 67*j**3 + 2*j + 59*j**3 - 1 - 4*j**2. Let d = -3 - -4. Suppose t + 1 = -d. Determine p(t).
15
Let q(i) = 2 + 3*i - 8*i + 2*i. Suppose 0 = -2*d - 2*d + 12. Suppose d*a - 22 = 4*n, -4*a + 0*a + 4*n = -24. Give q(a).
-4
Let a(k) = 17*k**2 + k - 20. Let y(x) = -6*x**2 + 1. Let u(p) = -a(p) - 3*y(p). Determine u(0).
17
Let a(w) = -3*w**3 + 16*w**2 + 36*w - 15. Let r(b) = b**3 - 5*b**2 - 12*b + 5. Let k(p) = 6*a(p) + 17*r(p). Determine k(12).
-5
Let w(v) = -v**2 + 3*v. Let j(a) = 3*a - 2. Let l be -9 + 14 - 1*3. Let y be j(l). Determine w(y).
-4
Let x = 11 - -12. Suppose -4*o = -a + x, -o - 3 = -a - 2*a. Let q(p) = p**2 + 9*p + 5. Determine q(o).
-13
Suppose -6*t - 13 = -25. Let q(a) be the first derivative of a**4/4 - a**3/3 + 2*a**2 - 3*a - 3. Determine q(t).
9
Suppose -z = 5*g + 11, 2 = 5*z - 6*z - 2*g. Let r(l) = -166 + z*l**2 + 7*l**3 + 166 + l - 2*l**2. Calculate r(-1).
-6
Let h(q) = -11*q - 10. Let w(y) = -8*y - 8. Let z(f) = -3*h(f) + 4*w(f). Let m = -13 + 9. Let u(a) = -a**2 - 4*a + 2. Let j be u(m). Determine z(j).
0
Let n(y) = -y**2 + 3*y + 7. Let s be 16/(-3) + 432/324. Calculate n(s).
-21
Let k(x) = 5*x - 1. Let y(f) = -8*f + 2. Let o(c) = -3*k(c) - 2*y(c). Let z be -1*(2 + 0)/(-2). What is o(z)?
0
Suppose -2*k - 2*x + 4 = -3*k, -k + 5*x = 10. Let i(f) = f**3 + f**2 - f - 9. Give i(k).
-9
Suppose 10*d - 2 = 8. Suppose 3*r - 10 = 3*w - d, -w + 2*r - 5 = 0. Let k(q) = -21*q**3 - 1. Determine k(w).
20
Let n(y) be the first derivative of 24 + 7/2*y**2 - 5/3*y**3 + 1/4*y**4 - 4*y. Determine n(4).
8
Suppose 104 = 12*y + y. Let c(h) be the second derivative of h**3/2 - 6*h**2 + 3*h. Calculate c(y).
12
Let h(v) = -v + 1. Let i(c) = -4*c - 5. Let a(t) = -20*t. Let u be a(1). Let d be 3 - (-5)/(u/16). Let j(b) = d*i(b) - 4*h(b). Calculate j(-1).
-7
Let c(m) be the third derivative of m**5/60 + 3*m**4/8 - 5*m**3/6 + 10*m**2. Determine c(-9).
-5
Let w = 1 + 1. Let v(q) = -q**3 - 14*q**2 + 32*q - 2. Let i be v(-16). Let p be (w - i)*(-4)/(-8). Let m(y) = 3*y + 2. Calculate m(p).
8
Let l = -42 + 54. Let c be 54/(-24) + (-9)/l. Let b(w) = -22*w + 0 - 7 + 20*w + 3. Determine b(c).
2
Let x(n) be the first derivative of n**3/3 + n**2/2 - 11*n - 156. Determine x(0).
-11
Let b be 1/(-6) - 114/(-36). Suppose -5*a = -3*z + 4*z - 21, -z + 13 = -b*a. Let c = 15 - z. Let o(g) = -6*g - 1. Calculate o(c).
5
Let v(t) = -2. Let m(c) = -c + 13. Let y(i) = 2*m(i) + 9*v(i). What is y(9)?
-10
Suppose -16 = -3*a + t, -5*a + t = -0*a - 30. Suppose -5 + a = -2*x. Let h(r) = -3*r + 88 - 88. Give h(x).
3
Let k(j) = 9*j + 7. Let b(a) = -17*a - 12. Let r(c) = 4*b(c) + 7*k(c). Calculate r(1).
-4
Let w(l) be the first derivative of -3*l**2/2 + 6. Suppose 4*t - 38 + 10 = 0. Let v be (6 - t) + 3 + 0. Give w(v).
-6
Let i be -18 - -3*(-20)/(-6). Let o(s) = -s**3 - 7*s**2 + 6*s - 10. What is o(i)?
6
Let k(i) be the first derivative of i**5/120 + 7*i**4/24 + 11*i**3/3 + 15. Let l(p) be the third derivative of k(p). Determine l(-6).
1
Let t = 36 + -32. Let d(y) = 3*y. Let g(k) = 4*k - 1. Let v(c) = t*g(c) - 5*d(c). Let u = -10 - -16. Give v(u).
2
Let h(t) = -t**2 + 3*t + 9. Let l(x) be the third derivative of -11*x**2 + 0*x + 5/24*x**4 + 3*x**3 - 1/30*x**5 + 0. Let p(i) = 5*h(i) - 3*l(i). Calculate p(0).
-9
Let o(r) = -4*r**2 + r + 4. Let i(a) = 3*a**2 - 3. Let m(x) = 5*i(x) + 4*o(x). Let p(u) = u +